{"id":83,"date":"2019-11-13T16:35:27","date_gmt":"2019-11-13T15:35:27","guid":{"rendered":"https:\/\/el-ta.com.pl\/?page_id=83"},"modified":"2019-12-13T15:48:43","modified_gmt":"2019-12-13T14:48:43","slug":"suszone","status":"publish","type":"page","link":"http:\/\/el-ta.com.pl\/index.php\/suszone\/","title":{"rendered":"Grzyby Suszone"},"content":{"rendered":"\n<p>Susze grzybowe s\u0105 \u0142atwe w zastosowaniu. Wystarczy namoczy\u0107 je i s\u0105 gotowe do przyrz\u0105dzania r\u00f3\u017cnorodnych potraw. Grzyby  suszone nadaj\u0105 potraw\u0105 nieod\u0142\u0105cznych  i niepowtarzalnych smak\u00f3w i aromat\u00f3w. Realizujemy zam\u00f3wienia zar\u00f3wno hurtowe jak i detaliczne, poniewa\u017c jeste\u015bmy pewni jako\u015bci naszych wspania\u0142ych grzyb\u00f3w b\u0119d\u0105cych nieod\u0142\u0105czn\u0105 cz\u0119\u015bci\u0105 smacznych i aromatycznych da\u0144 i potraw. <\/p>\n\n\n\n<h4 class=\"wp-block-heading\">Borowik suszony &#8211; krojony i ca\u0142y<\/h4>\n\n\n\n<ul class=\"wp-block-gallery columns-3 is-cropped wp-block-gallery-1 is-layout-flex wp-block-gallery-is-layout-flex\"><li class=\"blocks-gallery-item\"><figure><a href=\"https:\/\/el-ta.com.pl\/wp-content\/uploads\/2019\/11\/unnamed-1-1-1024x1024.jpg\"><img loading=\"lazy\" decoding=\"async\" width=\"1024\" height=\"1024\" src=\"https:\/\/el-ta.com.pl\/wp-content\/uploads\/2019\/11\/unnamed-1-1-1024x1024.jpg\" alt=\"\" data-id=\"170\" data-link=\"https:\/\/el-ta.com.pl\/index.php\/suszone\/unnamed-1-2\/\" class=\"wp-image-170\" srcset=\"http:\/\/el-ta.com.pl\/wp-content\/uploads\/2019\/11\/unnamed-1-1-1024x1024.jpg 1024w, http:\/\/el-ta.com.pl\/wp-content\/uploads\/2019\/11\/unnamed-1-1-150x150.jpg 150w, http:\/\/el-ta.com.pl\/wp-content\/uploads\/2019\/11\/unnamed-1-1-300x300.jpg 300w, http:\/\/el-ta.com.pl\/wp-content\/uploads\/2019\/11\/unnamed-1-1-768x768.jpg 768w, http:\/\/el-ta.com.pl\/wp-content\/uploads\/2019\/11\/unnamed-1-1-360x360.jpg 360w\" sizes=\"auto, (max-width: 1024px) 100vw, 1024px\" \/><\/a><figcaption> <br>Borowik szlachetny suszony &#8211; krojony <br>30g<\/figcaption><\/figure><\/li><li class=\"blocks-gallery-item\"><figure><a href=\"https:\/\/el-ta.com.pl\/wp-content\/uploads\/2019\/11\/unnamed-2-1-1024x1024.jpg\"><img loading=\"lazy\" decoding=\"async\" width=\"1024\" height=\"1024\" src=\"https:\/\/el-ta.com.pl\/wp-content\/uploads\/2019\/11\/unnamed-2-1-1024x1024.jpg\" alt=\"\" data-id=\"171\" data-link=\"https:\/\/el-ta.com.pl\/index.php\/suszone\/unnamed-2-2\/\" class=\"wp-image-171\" srcset=\"http:\/\/el-ta.com.pl\/wp-content\/uploads\/2019\/11\/unnamed-2-1-1024x1024.jpg 1024w, http:\/\/el-ta.com.pl\/wp-content\/uploads\/2019\/11\/unnamed-2-1-150x150.jpg 150w, http:\/\/el-ta.com.pl\/wp-content\/uploads\/2019\/11\/unnamed-2-1-300x300.jpg 300w, http:\/\/el-ta.com.pl\/wp-content\/uploads\/2019\/11\/unnamed-2-1-768x768.jpg 768w, http:\/\/el-ta.com.pl\/wp-content\/uploads\/2019\/11\/unnamed-2-1-360x360.jpg 360w\" sizes=\"auto, (max-width: 1024px) 100vw, 1024px\" \/><\/a><figcaption> <br>Borowik szlachetny suszony &#8211; krojony GASTRONOMIA <br>500g<\/figcaption><\/figure><\/li><li class=\"blocks-gallery-item\"><figure><a href=\"https:\/\/el-ta.com.pl\/wp-content\/uploads\/2019\/11\/unnamed-1024x1024.jpg\"><img loading=\"lazy\" decoding=\"async\" width=\"1024\" height=\"1024\" src=\"https:\/\/el-ta.com.pl\/wp-content\/uploads\/2019\/11\/unnamed-1024x1024.jpg\" alt=\"\" data-id=\"172\" data-link=\"https:\/\/el-ta.com.pl\/index.php\/suszone\/unnamed\/\" class=\"wp-image-172\" srcset=\"http:\/\/el-ta.com.pl\/wp-content\/uploads\/2019\/11\/unnamed-1024x1024.jpg 1024w, http:\/\/el-ta.com.pl\/wp-content\/uploads\/2019\/11\/unnamed-150x150.jpg 150w, http:\/\/el-ta.com.pl\/wp-content\/uploads\/2019\/11\/unnamed-300x300.jpg 300w, http:\/\/el-ta.com.pl\/wp-content\/uploads\/2019\/11\/unnamed-768x768.jpg 768w, http:\/\/el-ta.com.pl\/wp-content\/uploads\/2019\/11\/unnamed-360x360.jpg 360w\" sizes=\"auto, (max-width: 1024px) 100vw, 1024px\" \/><\/a><figcaption>Borowik szlachetny suszony &#8211; ca\u0142y<br>40g <\/figcaption><\/figure><\/li><\/ul>\n\n\n\n<h4 class=\"wp-block-heading\">Podgrzybek suszony &#8211; ca\u0142y <\/h4>\n\n\n\n<ul class=\"wp-block-gallery columns-3 is-cropped wp-block-gallery-2 is-layout-flex wp-block-gallery-is-layout-flex\"><li class=\"blocks-gallery-item\"><figure><a href=\"https:\/\/el-ta.com.pl\/wp-content\/uploads\/2019\/11\/unnamed-1-2.jpg\"><img loading=\"lazy\" decoding=\"async\" width=\"3024\" height=\"4032\" src=\"https:\/\/el-ta.com.pl\/wp-content\/uploads\/2019\/11\/unnamed-1-2.jpg\" alt=\"\" data-id=\"173\" data-link=\"https:\/\/el-ta.com.pl\/index.php\/suszone\/unnamed-1-3\/\" class=\"wp-image-173\" srcset=\"http:\/\/el-ta.com.pl\/wp-content\/uploads\/2019\/11\/unnamed-1-2.jpg 3024w, http:\/\/el-ta.com.pl\/wp-content\/uploads\/2019\/11\/unnamed-1-2-225x300.jpg 225w\" sizes=\"auto, (max-width: 3024px) 100vw, 3024px\" \/><\/a><figcaption> <br>Podgrzybek suszony &#8211; ca\u0142y | pasek sklepowy<\/figcaption><\/figure><\/li><li class=\"blocks-gallery-item\"><figure><a href=\"https:\/\/el-ta.com.pl\/wp-content\/uploads\/2019\/11\/unnamed-2-2-768x1024.jpg\"><img loading=\"lazy\" decoding=\"async\" width=\"768\" height=\"1024\" src=\"https:\/\/el-ta.com.pl\/wp-content\/uploads\/2019\/11\/unnamed-2-2-768x1024.jpg\" alt=\"\" data-id=\"174\" data-link=\"https:\/\/el-ta.com.pl\/index.php\/suszone\/unnamed-2-3\/\" class=\"wp-image-174\" srcset=\"http:\/\/el-ta.com.pl\/wp-content\/uploads\/2019\/11\/unnamed-2-2-768x1024.jpg 768w, http:\/\/el-ta.com.pl\/wp-content\/uploads\/2019\/11\/unnamed-2-2-225x300.jpg 225w\" sizes=\"auto, (max-width: 768px) 100vw, 768px\" \/><\/a><figcaption> <br>Podgrzybek suszony &#8211; ca\u0142y  GASTRONOMIA <br>400g<\/figcaption><\/figure><\/li><li class=\"blocks-gallery-item\"><figure><a href=\"https:\/\/el-ta.com.pl\/wp-content\/uploads\/2019\/11\/unnamed-3-1024x1024.jpg\"><img loading=\"lazy\" decoding=\"async\" width=\"1024\" height=\"1024\" src=\"https:\/\/el-ta.com.pl\/wp-content\/uploads\/2019\/11\/unnamed-3-1024x1024.jpg\" alt=\"\" data-id=\"175\" data-link=\"https:\/\/el-ta.com.pl\/index.php\/suszone\/unnamed-3\/\" class=\"wp-image-175\" srcset=\"http:\/\/el-ta.com.pl\/wp-content\/uploads\/2019\/11\/unnamed-3-1024x1024.jpg 1024w, http:\/\/el-ta.com.pl\/wp-content\/uploads\/2019\/11\/unnamed-3-150x150.jpg 150w, http:\/\/el-ta.com.pl\/wp-content\/uploads\/2019\/11\/unnamed-3-300x300.jpg 300w, http:\/\/el-ta.com.pl\/wp-content\/uploads\/2019\/11\/unnamed-3-768x768.jpg 768w, http:\/\/el-ta.com.pl\/wp-content\/uploads\/2019\/11\/unnamed-3-360x360.jpg 360w\" sizes=\"auto, (max-width: 1024px) 100vw, 1024px\" \/><\/a><figcaption>Podgrzybek suszony &#8211; ca\u0142y | 40g<\/figcaption><\/figure><\/li><li class=\"blocks-gallery-item\"><figure><a href=\"https:\/\/el-ta.com.pl\/wp-content\/uploads\/2019\/11\/unnamed-4.jpg\"><img loading=\"lazy\" decoding=\"async\" width=\"3024\" height=\"4032\" src=\"https:\/\/el-ta.com.pl\/wp-content\/uploads\/2019\/11\/unnamed-4.jpg\" alt=\"\" data-id=\"176\" data-link=\"https:\/\/el-ta.com.pl\/index.php\/suszone\/unnamed-4\/\" class=\"wp-image-176\" srcset=\"http:\/\/el-ta.com.pl\/wp-content\/uploads\/2019\/11\/unnamed-4.jpg 3024w, http:\/\/el-ta.com.pl\/wp-content\/uploads\/2019\/11\/unnamed-4-225x300.jpg 225w\" sizes=\"auto, (max-width: 3024px) 100vw, 3024px\" \/><\/a><figcaption> <br>Podgrzybek suszony &#8211; ca\u0142y | 100g<\/figcaption><\/figure><\/li><\/ul>\n\n\n\n<h4 class=\"wp-block-heading\"> <br>Podgrzybek suszony &#8211; krojony<\/h4>\n\n\n\n<ul class=\"wp-block-gallery columns-3 is-cropped wp-block-gallery-3 is-layout-flex wp-block-gallery-is-layout-flex\"><li class=\"blocks-gallery-item\"><figure><a href=\"https:\/\/el-ta.com.pl\/wp-content\/uploads\/2019\/11\/unnamed-1-3.jpg\"><img loading=\"lazy\" decoding=\"async\" width=\"3024\" height=\"4032\" src=\"https:\/\/el-ta.com.pl\/wp-content\/uploads\/2019\/11\/unnamed-1-3.jpg\" alt=\"\" data-id=\"177\" data-link=\"https:\/\/el-ta.com.pl\/index.php\/suszone\/unnamed-1-4\/\" class=\"wp-image-177\" srcset=\"http:\/\/el-ta.com.pl\/wp-content\/uploads\/2019\/11\/unnamed-1-3.jpg 3024w, http:\/\/el-ta.com.pl\/wp-content\/uploads\/2019\/11\/unnamed-1-3-225x300.jpg 225w\" sizes=\"auto, (max-width: 3024px) 100vw, 3024px\" \/><\/a><figcaption>Podgrzybek suszony &#8211; krojony  <br>GASTRONOMIA <br>500g<\/figcaption><\/figure><\/li><li class=\"blocks-gallery-item\"><figure><a href=\"https:\/\/el-ta.com.pl\/wp-content\/uploads\/2019\/11\/unnamed-4-1-1024x1024.jpg\"><img loading=\"lazy\" decoding=\"async\" width=\"1024\" height=\"1024\" src=\"https:\/\/el-ta.com.pl\/wp-content\/uploads\/2019\/11\/unnamed-4-1-1024x1024.jpg\" alt=\"\" data-id=\"178\" data-link=\"https:\/\/el-ta.com.pl\/index.php\/suszone\/unnamed-4-2\/\" class=\"wp-image-178\" srcset=\"http:\/\/el-ta.com.pl\/wp-content\/uploads\/2019\/11\/unnamed-4-1-1024x1024.jpg 1024w, http:\/\/el-ta.com.pl\/wp-content\/uploads\/2019\/11\/unnamed-4-1-150x150.jpg 150w, http:\/\/el-ta.com.pl\/wp-content\/uploads\/2019\/11\/unnamed-4-1-300x300.jpg 300w, http:\/\/el-ta.com.pl\/wp-content\/uploads\/2019\/11\/unnamed-4-1-768x768.jpg 768w, http:\/\/el-ta.com.pl\/wp-content\/uploads\/2019\/11\/unnamed-4-1-360x360.jpg 360w\" sizes=\"auto, (max-width: 1024px) 100vw, 1024px\" \/><\/a><figcaption> <br>Podgrzybek suszony &#8211; krojony| 20g <\/figcaption><\/figure><\/li><li class=\"blocks-gallery-item\"><figure><a href=\"https:\/\/el-ta.com.pl\/wp-content\/uploads\/2019\/11\/unnamed-5-1024x1024.jpg\"><img loading=\"lazy\" decoding=\"async\" width=\"1024\" height=\"1024\" src=\"https:\/\/el-ta.com.pl\/wp-content\/uploads\/2019\/11\/unnamed-5-1024x1024.jpg\" alt=\"\" data-id=\"179\" data-link=\"https:\/\/el-ta.com.pl\/index.php\/suszone\/unnamed-5\/\" class=\"wp-image-179\" srcset=\"http:\/\/el-ta.com.pl\/wp-content\/uploads\/2019\/11\/unnamed-5-1024x1024.jpg 1024w, http:\/\/el-ta.com.pl\/wp-content\/uploads\/2019\/11\/unnamed-5-150x150.jpg 150w, http:\/\/el-ta.com.pl\/wp-content\/uploads\/2019\/11\/unnamed-5-300x300.jpg 300w, http:\/\/el-ta.com.pl\/wp-content\/uploads\/2019\/11\/unnamed-5-768x768.jpg 768w, http:\/\/el-ta.com.pl\/wp-content\/uploads\/2019\/11\/unnamed-5-360x360.jpg 360w\" sizes=\"auto, (max-width: 1024px) 100vw, 1024px\" \/><\/a><figcaption> <br>Podgrzybek suszony &#8211; krojony| 30g <\/figcaption><\/figure><\/li><\/ul>\n","protected":false},"excerpt":{"rendered":"<p>Susze grzybowe s\u0105 \u0142atwe w zastosowaniu. Wystarczy namoczy\u0107 je i s\u0105 gotowe do przyrz\u0105dzania r\u00f3\u017cnorodnych potraw. Grzyby suszone nadaj\u0105 potraw\u0105 nieod\u0142\u0105cznych i niepowtarzalnych smak\u00f3w i aromat\u00f3w. Realizujemy zam\u00f3wienia zar\u00f3wno hurtowe jak i detaliczne, poniewa\u017c jeste\u015bmy pewni jako\u015bci naszych wspania\u0142ych grzyb\u00f3w b\u0119d\u0105cych nieod\u0142\u0105czn\u0105 cz\u0119\u015bci\u0105 smacznych i aromatycznych da\u0144 i potraw. Borowik suszony &#8211; krojony i ca\u0142y<\/p>\n<a class=\"btn_a\" href=\"http:\/\/el-ta.com.pl\/index.php\/suszone\/\"><span><i class=\"in_left fa fa-angle-right\"><\/i><span>Details<\/span><i class=\"in_right fa fa-angle-right\"><\/i><\/span><\/a>","protected":false},"author":1,"featured_media":0,"parent":0,"menu_order":0,"comment_status":"closed","ping_status":"closed","template":"","meta":{"_seopress_robots_primary_cat":"","footnotes":""},"class_list":["post-83","page","type-page","status-publish","hentry"],"_links":{"self":[{"href":"http:\/\/el-ta.com.pl\/index.php\/wp-json\/wp\/v2\/pages\/83","targetHints":{"allow":["GET"]}}],"collection":[{"href":"http:\/\/el-ta.com.pl\/index.php\/wp-json\/wp\/v2\/pages"}],"about":[{"href":"http:\/\/el-ta.com.pl\/index.php\/wp-json\/wp\/v2\/types\/page"}],"author":[{"embeddable":true,"href":"http:\/\/el-ta.com.pl\/index.php\/wp-json\/wp\/v2\/users\/1"}],"replies":[{"embeddable":true,"href":"http:\/\/el-ta.com.pl\/index.php\/wp-json\/wp\/v2\/comments?post=83"}],"version-history":[{"count":24,"href":"http:\/\/el-ta.com.pl\/index.php\/wp-json\/wp\/v2\/pages\/83\/revisions"}],"predecessor-version":[{"id":479,"href":"http:\/\/el-ta.com.pl\/index.php\/wp-json\/wp\/v2\/pages\/83\/revisions\/479"}],"wp:attachment":[{"href":"http:\/\/el-ta.com.pl\/index.php\/wp-json\/wp\/v2\/media?parent=83"}],"curies":[{"name":"wp","href":"https:\/\/api.w.org\/{rel}","templated":true}]}}