{"id":73,"date":"2019-11-13T16:33:51","date_gmt":"2019-11-13T15:33:51","guid":{"rendered":"https:\/\/el-ta.com.pl\/?page_id=73"},"modified":"2019-11-28T16:54:19","modified_gmt":"2019-11-28T15:54:19","slug":"mrozone","status":"publish","type":"page","link":"http:\/\/el-ta.com.pl\/index.php\/mrozone\/","title":{"rendered":"Grzyby Mro\u017cone"},"content":{"rendered":"\n<p> To nieprawda, \u017ce mro\u017conki s\u0105 ma\u0142o warto\u015bciowe. Grzyby bardzo dobrze si\u0119 mro\u017c\u0105, nie trac\u0105c przy tym swoich warto\u015bci od\u017cywczych ani smaku. Zim\u0105 i na przedn\u00f3wku to doskona\u0142e \u017ar\u00f3d\u0142o witamin i&nbsp;minera\u0142\u00f3w. <\/p>\n\n\n\n<h3 class=\"wp-block-heading\">Legendarne Podgrzybki<\/h3>\n\n\n\n<ul class=\"wp-block-gallery columns-2 is-cropped wp-block-gallery-1 is-layout-flex wp-block-gallery-is-layout-flex\"><li class=\"blocks-gallery-item\"><figure><a href=\"https:\/\/el-ta.com.pl\/wp-content\/uploads\/2019\/11\/podgrzybek-mrozonyKOSTKA-1024x768.jpg\"><img loading=\"lazy\" decoding=\"async\" width=\"1024\" height=\"768\" src=\"https:\/\/el-ta.com.pl\/wp-content\/uploads\/2019\/11\/podgrzybek-mrozonyKOSTKA-1024x768.jpg\" alt=\"\" data-id=\"136\" data-link=\"https:\/\/el-ta.com.pl\/index.php\/mrozone\/podgrzybek-mrozonykostka\/\" class=\"wp-image-136\" srcset=\"http:\/\/el-ta.com.pl\/wp-content\/uploads\/2019\/11\/podgrzybek-mrozonyKOSTKA-1024x768.jpg 1024w, http:\/\/el-ta.com.pl\/wp-content\/uploads\/2019\/11\/podgrzybek-mrozonyKOSTKA-300x225.jpg 300w, http:\/\/el-ta.com.pl\/wp-content\/uploads\/2019\/11\/podgrzybek-mrozonyKOSTKA-768x576.jpg 768w, http:\/\/el-ta.com.pl\/wp-content\/uploads\/2019\/11\/podgrzybek-mrozonyKOSTKA.jpg 1200w\" sizes=\"auto, (max-width: 1024px) 100vw, 1024px\" \/><\/a><figcaption>PODGRZYBEK MRO\u017bONY KOSTKA<\/figcaption><\/figure><\/li><li class=\"blocks-gallery-item\"><figure><a href=\"https:\/\/el-ta.com.pl\/wp-content\/uploads\/2019\/11\/SPECPOL_PODGRZYBEK_MROZONY_PLASTRY-1024x768.jpg\"><img loading=\"lazy\" decoding=\"async\" width=\"1024\" height=\"768\" src=\"https:\/\/el-ta.com.pl\/wp-content\/uploads\/2019\/11\/SPECPOL_PODGRZYBEK_MROZONY_PLASTRY-1024x768.jpg\" alt=\"\" data-id=\"137\" data-link=\"https:\/\/el-ta.com.pl\/index.php\/mrozone\/specpol_podgrzybek_mrozony_plastry\/\" class=\"wp-image-137\" srcset=\"http:\/\/el-ta.com.pl\/wp-content\/uploads\/2019\/11\/SPECPOL_PODGRZYBEK_MROZONY_PLASTRY.jpg 1024w, http:\/\/el-ta.com.pl\/wp-content\/uploads\/2019\/11\/SPECPOL_PODGRZYBEK_MROZONY_PLASTRY-300x225.jpg 300w, http:\/\/el-ta.com.pl\/wp-content\/uploads\/2019\/11\/SPECPOL_PODGRZYBEK_MROZONY_PLASTRY-768x576.jpg 768w\" sizes=\"auto, (max-width: 1024px) 100vw, 1024px\" \/><\/a><figcaption>PODGRZYBEK MRO\u017bONY CA\u0141Y<\/figcaption><\/figure><\/li><\/ul>\n\n\n\n<h3 class=\"wp-block-heading\">Wspania\u0142e i wy\u015bmienite Borowiki<\/h3>\n\n\n\n<ul class=\"wp-block-gallery columns-3 is-cropped wp-block-gallery-2 is-layout-flex wp-block-gallery-is-layout-flex\"><li class=\"blocks-gallery-item\"><figure><a href=\"https:\/\/el-ta.com.pl\/wp-content\/uploads\/2019\/11\/BOROWIK-MROZONY-CA\u0141Y.jpg\"><img loading=\"lazy\" decoding=\"async\" width=\"900\" height=\"600\" src=\"https:\/\/el-ta.com.pl\/wp-content\/uploads\/2019\/11\/BOROWIK-MROZONY-CA\u0141Y.jpg\" alt=\"\" data-id=\"138\" data-link=\"https:\/\/el-ta.com.pl\/index.php\/mrozone\/borowik-mrozony-caly\/\" class=\"wp-image-138\" srcset=\"http:\/\/el-ta.com.pl\/wp-content\/uploads\/2019\/11\/BOROWIK-MROZONY-CA\u0141Y.jpg 900w, http:\/\/el-ta.com.pl\/wp-content\/uploads\/2019\/11\/BOROWIK-MROZONY-CA\u0141Y-300x200.jpg 300w, http:\/\/el-ta.com.pl\/wp-content\/uploads\/2019\/11\/BOROWIK-MROZONY-CA\u0141Y-768x512.jpg 768w, http:\/\/el-ta.com.pl\/wp-content\/uploads\/2019\/11\/BOROWIK-MROZONY-CA\u0141Y-90x60.jpg 90w\" sizes=\"auto, (max-width: 900px) 100vw, 900px\" \/><\/a><figcaption>BOROWIK MRO\u017bONY CA\u0141Y<\/figcaption><\/figure><\/li><li class=\"blocks-gallery-item\"><figure><a href=\"https:\/\/el-ta.com.pl\/wp-content\/uploads\/2019\/11\/borowik_szlachetny_KOSTKA.jpg\"><img loading=\"lazy\" decoding=\"async\" width=\"900\" height=\"600\" src=\"https:\/\/el-ta.com.pl\/wp-content\/uploads\/2019\/11\/borowik_szlachetny_KOSTKA.jpg\" alt=\"\" data-id=\"139\" data-link=\"https:\/\/el-ta.com.pl\/index.php\/mrozone\/borowik_szlachetny_kostka\/\" class=\"wp-image-139\" srcset=\"http:\/\/el-ta.com.pl\/wp-content\/uploads\/2019\/11\/borowik_szlachetny_KOSTKA.jpg 900w, http:\/\/el-ta.com.pl\/wp-content\/uploads\/2019\/11\/borowik_szlachetny_KOSTKA-300x200.jpg 300w, http:\/\/el-ta.com.pl\/wp-content\/uploads\/2019\/11\/borowik_szlachetny_KOSTKA-768x512.jpg 768w, http:\/\/el-ta.com.pl\/wp-content\/uploads\/2019\/11\/borowik_szlachetny_KOSTKA-90x60.jpg 90w\" sizes=\"auto, (max-width: 900px) 100vw, 900px\" \/><\/a><figcaption> <br>BOROWIK MRO\u017bONY  KOSTKA<\/figcaption><\/figure><\/li><li class=\"blocks-gallery-item\"><figure><a href=\"https:\/\/el-ta.com.pl\/wp-content\/uploads\/2019\/11\/borowik_szlachetny_plastry_01.jpg\"><img loading=\"lazy\" decoding=\"async\" width=\"900\" height=\"600\" src=\"https:\/\/el-ta.com.pl\/wp-content\/uploads\/2019\/11\/borowik_szlachetny_plastry_01.jpg\" alt=\"\" data-id=\"140\" data-link=\"https:\/\/el-ta.com.pl\/index.php\/mrozone\/borowik_szlachetny_plastry_01\/\" class=\"wp-image-140\" srcset=\"http:\/\/el-ta.com.pl\/wp-content\/uploads\/2019\/11\/borowik_szlachetny_plastry_01.jpg 900w, http:\/\/el-ta.com.pl\/wp-content\/uploads\/2019\/11\/borowik_szlachetny_plastry_01-300x200.jpg 300w, http:\/\/el-ta.com.pl\/wp-content\/uploads\/2019\/11\/borowik_szlachetny_plastry_01-768x512.jpg 768w, http:\/\/el-ta.com.pl\/wp-content\/uploads\/2019\/11\/borowik_szlachetny_plastry_01-90x60.jpg 90w\" sizes=\"auto, (max-width: 900px) 100vw, 900px\" \/><\/a><figcaption> <br>BOROWIK MRO\u017bONY  PLASTRY<\/figcaption><\/figure><\/li><\/ul>\n\n\n\n<h3 class=\"wp-block-heading\">Mro\u017cone Kurki na ka\u017cd\u0105 okazj\u0119<\/h3>\n\n\n\n<ul class=\"wp-block-gallery columns-2 is-cropped wp-block-gallery-3 is-layout-flex wp-block-gallery-is-layout-flex\"><li class=\"blocks-gallery-item\"><figure><a href=\"https:\/\/el-ta.com.pl\/wp-content\/uploads\/2019\/11\/KURKA-MROZONA-1-1024x768.jpg\"><img loading=\"lazy\" decoding=\"async\" width=\"1024\" height=\"768\" src=\"https:\/\/el-ta.com.pl\/wp-content\/uploads\/2019\/11\/KURKA-MROZONA-1-1024x768.jpg\" alt=\"\" data-id=\"141\" data-link=\"https:\/\/el-ta.com.pl\/index.php\/mrozone\/kurka-mrozona-1\/\" class=\"wp-image-141\" srcset=\"http:\/\/el-ta.com.pl\/wp-content\/uploads\/2019\/11\/KURKA-MROZONA-1-1024x768.jpg 1024w, http:\/\/el-ta.com.pl\/wp-content\/uploads\/2019\/11\/KURKA-MROZONA-1-300x225.jpg 300w, http:\/\/el-ta.com.pl\/wp-content\/uploads\/2019\/11\/KURKA-MROZONA-1-768x576.jpg 768w, http:\/\/el-ta.com.pl\/wp-content\/uploads\/2019\/11\/KURKA-MROZONA-1.jpg 1600w\" sizes=\"auto, (max-width: 1024px) 100vw, 1024px\" \/><\/a><figcaption>PIEPRZNIK JADALNY KURKA<\/figcaption><\/figure><\/li><li class=\"blocks-gallery-item\"><figure><a href=\"https:\/\/el-ta.com.pl\/wp-content\/uploads\/2019\/11\/KURMA-MROZONA-2.jpg\"><img loading=\"lazy\" decoding=\"async\" width=\"960\" height=\"720\" src=\"https:\/\/el-ta.com.pl\/wp-content\/uploads\/2019\/11\/KURMA-MROZONA-2.jpg\" alt=\"\" data-id=\"142\" data-link=\"https:\/\/el-ta.com.pl\/index.php\/mrozone\/kurma-mrozona-2\/\" class=\"wp-image-142\" srcset=\"http:\/\/el-ta.com.pl\/wp-content\/uploads\/2019\/11\/KURMA-MROZONA-2.jpg 960w, http:\/\/el-ta.com.pl\/wp-content\/uploads\/2019\/11\/KURMA-MROZONA-2-300x225.jpg 300w, http:\/\/el-ta.com.pl\/wp-content\/uploads\/2019\/11\/KURMA-MROZONA-2-768x576.jpg 768w\" sizes=\"auto, (max-width: 960px) 100vw, 960px\" \/><\/a><figcaption> <br>PIEPRZNIK JADALNY KURKA <\/figcaption><\/figure><\/li><\/ul>\n","protected":false},"excerpt":{"rendered":"<p>To nieprawda, \u017ce mro\u017conki s\u0105 ma\u0142o warto\u015bciowe. Grzyby bardzo dobrze si\u0119 mro\u017c\u0105, nie trac\u0105c przy tym swoich warto\u015bci od\u017cywczych ani smaku. Zim\u0105 i na przedn\u00f3wku to doskona\u0142e \u017ar\u00f3d\u0142o witamin i&nbsp;minera\u0142\u00f3w. Legendarne Podgrzybki Wspania\u0142e i wy\u015bmienite Borowiki Mro\u017cone Kurki na ka\u017cd\u0105 okazj\u0119<\/p>\n<a class=\"btn_a\" href=\"http:\/\/el-ta.com.pl\/index.php\/mrozone\/\"><span><i class=\"in_left fa fa-angle-right\"><\/i><span>Details<\/span><i class=\"in_right fa fa-angle-right\"><\/i><\/span><\/a>","protected":false},"author":1,"featured_media":0,"parent":0,"menu_order":0,"comment_status":"closed","ping_status":"closed","template":"","meta":{"_seopress_robots_primary_cat":"","footnotes":""},"class_list":["post-73","page","type-page","status-publish","hentry"],"_links":{"self":[{"href":"http:\/\/el-ta.com.pl\/index.php\/wp-json\/wp\/v2\/pages\/73","targetHints":{"allow":["GET"]}}],"collection":[{"href":"http:\/\/el-ta.com.pl\/index.php\/wp-json\/wp\/v2\/pages"}],"about":[{"href":"http:\/\/el-ta.com.pl\/index.php\/wp-json\/wp\/v2\/types\/page"}],"author":[{"embeddable":true,"href":"http:\/\/el-ta.com.pl\/index.php\/wp-json\/wp\/v2\/users\/1"}],"replies":[{"embeddable":true,"href":"http:\/\/el-ta.com.pl\/index.php\/wp-json\/wp\/v2\/comments?post=73"}],"version-history":[{"count":6,"href":"http:\/\/el-ta.com.pl\/index.php\/wp-json\/wp\/v2\/pages\/73\/revisions"}],"predecessor-version":[{"id":269,"href":"http:\/\/el-ta.com.pl\/index.php\/wp-json\/wp\/v2\/pages\/73\/revisions\/269"}],"wp:attachment":[{"href":"http:\/\/el-ta.com.pl\/index.php\/wp-json\/wp\/v2\/media?parent=73"}],"curies":[{"name":"wp","href":"https:\/\/api.w.org\/{rel}","templated":true}]}}